{"id":77,"date":"2022-12-19T14:42:24","date_gmt":"2022-12-19T14:42:24","guid":{"rendered":"https:\/\/microct.com.tr\/?page_id=77"},"modified":"2023-02-22T13:17:20","modified_gmt":"2023-02-22T13:17:20","slug":"haberler","status":"publish","type":"page","link":"https:\/\/microct.com.tr\/?page_id=77","title":{"rendered":"Haberler"},"content":{"rendered":"<blockquote class=\"wp-embedded-content\" data-secret=\"n16WJPQ6O9\"><a href=\"https:\/\/www.microctschool.com\/\">BA\u015eLARKEN<\/a><\/blockquote><iframe loading=\"lazy\" class=\"wp-embedded-content\" sandbox=\"allow-scripts\" security=\"restricted\" style=\"position: absolute; clip: rect(1px, 1px, 1px, 1px);\" title=\"&#8220;BA\u015eLARKEN&#8221; &#8212; 4. Ulusal Microct-XRM Bahar Okulu\" src=\"https:\/\/www.microctschool.com\/embed\/#?secret=GCiUQqs12O#?secret=n16WJPQ6O9\" data-secret=\"n16WJPQ6O9\" width=\"500\" height=\"282\" frameborder=\"0\" marginwidth=\"0\" marginheight=\"0\" scrolling=\"no\"><\/iframe>","protected":false},"excerpt":{"rendered":"<div class=\"mh-excerpt\"><\/div>","protected":false},"author":1,"featured_media":0,"parent":0,"menu_order":0,"comment_status":"closed","ping_status":"closed","template":"","meta":{"advgb_blocks_editor_width":"","advgb_blocks_columns_visual_guide":"","footnotes":""},"class_list":["post-77","page","type-page","status-publish","hentry"],"coauthors":[],"author_meta":{"author_link":"https:\/\/microct.com.tr\/?author=1","display_name":"teknohoras"},"relative_dates":{"created":"Posted 3 y\u0131l ago","modified":"Updated 3 y\u0131l ago"},"absolute_dates":{"created":"Posted on Aral\u0131k 19, 2022","modified":"Updated on \u015eubat 22, 2023"},"absolute_dates_time":{"created":"Posted on Aral\u0131k 19, 2022 2:42 pm","modified":"Updated on \u015eubat 22, 2023 1:17 pm"},"featured_img_caption":"","featured_img":false,"series_order":"","_links":{"self":[{"href":"https:\/\/microct.com.tr\/index.php?rest_route=\/wp\/v2\/pages\/77","targetHints":{"allow":["GET"]}}],"collection":[{"href":"https:\/\/microct.com.tr\/index.php?rest_route=\/wp\/v2\/pages"}],"about":[{"href":"https:\/\/microct.com.tr\/index.php?rest_route=\/wp\/v2\/types\/page"}],"author":[{"embeddable":true,"href":"https:\/\/microct.com.tr\/index.php?rest_route=\/wp\/v2\/users\/1"}],"replies":[{"embeddable":true,"href":"https:\/\/microct.com.tr\/index.php?rest_route=%2Fwp%2Fv2%2Fcomments&post=77"}],"version-history":[{"count":3,"href":"https:\/\/microct.com.tr\/index.php?rest_route=\/wp\/v2\/pages\/77\/revisions"}],"predecessor-version":[{"id":131,"href":"https:\/\/microct.com.tr\/index.php?rest_route=\/wp\/v2\/pages\/77\/revisions\/131"}],"wp:attachment":[{"href":"https:\/\/microct.com.tr\/index.php?rest_route=%2Fwp%2Fv2%2Fmedia&parent=77"}],"curies":[{"name":"wp","href":"https:\/\/api.w.org\/{rel}","templated":true}]}}