{"id":75,"date":"2022-12-19T14:42:16","date_gmt":"2022-12-19T14:42:16","guid":{"rendered":"https:\/\/microct.com.tr\/?page_id=75"},"modified":"2025-02-02T14:01:39","modified_gmt":"2025-02-02T14:01:39","slug":"iletisim","status":"publish","type":"page","link":"https:\/\/microct.com.tr\/?page_id=75","title":{"rendered":"\u0130leti\u015fim"},"content":{"rendered":"<h2 class=\"vc_custom_heading\">Merkez Ofis<\/h2>\r\n<div class=\"wpb_text_column wpb_content_element vc_custom_1532400724591\">\r\n<div class=\"wpb_wrapper\">\r\n\r\nHasanpa\u015fa Mah.Uzun\u00e7ay\u0131r Cad.Yap\u0131 \u0130\u015f Mrk.No35 B-11 34722 Kad\u0131k\u00f6y-\u0130stanbul\/T\u00dcRK\u0130YE\r\nE:\u00a0<a href=\"mailto:info@teknogem.com\">info@teknogem.com<\/a>\r\nT: +90 216 3308943\r\n\r\n<\/div>\r\n<\/div>","protected":false},"excerpt":{"rendered":"<div class=\"mh-excerpt\"><p>Merkez Ofis Hasanpa\u015fa Mah.Uzun\u00e7ay\u0131r Cad.Yap\u0131 \u0130\u015f Mrk.No35 B-11 34722 Kad\u0131k\u00f6y-\u0130stanbul\/T\u00dcRK\u0130YE E:\u00a0info@teknogem.com T: +90 216 3308943<\/p>\n<\/div>","protected":false},"author":1,"featured_media":0,"parent":0,"menu_order":0,"comment_status":"closed","ping_status":"closed","template":"","meta":{"advgb_blocks_editor_width":"","advgb_blocks_columns_visual_guide":"","footnotes":""},"class_list":["post-75","page","type-page","status-publish","hentry"],"coauthors":[],"author_meta":{"author_link":"https:\/\/microct.com.tr\/?author=1","display_name":"teknohoras"},"relative_dates":{"created":"Posted 3 y\u0131l ago","modified":"Updated 1 y\u0131l ago"},"absolute_dates":{"created":"Posted on Aral\u0131k 19, 2022","modified":"Updated on \u015eubat 2, 2025"},"absolute_dates_time":{"created":"Posted on Aral\u0131k 19, 2022 2:42 pm","modified":"Updated on \u015eubat 2, 2025 2:01 pm"},"featured_img_caption":"","featured_img":false,"series_order":"","_links":{"self":[{"href":"https:\/\/microct.com.tr\/index.php?rest_route=\/wp\/v2\/pages\/75","targetHints":{"allow":["GET"]}}],"collection":[{"href":"https:\/\/microct.com.tr\/index.php?rest_route=\/wp\/v2\/pages"}],"about":[{"href":"https:\/\/microct.com.tr\/index.php?rest_route=\/wp\/v2\/types\/page"}],"author":[{"embeddable":true,"href":"https:\/\/microct.com.tr\/index.php?rest_route=\/wp\/v2\/users\/1"}],"replies":[{"embeddable":true,"href":"https:\/\/microct.com.tr\/index.php?rest_route=%2Fwp%2Fv2%2Fcomments&post=75"}],"version-history":[{"count":4,"href":"https:\/\/microct.com.tr\/index.php?rest_route=\/wp\/v2\/pages\/75\/revisions"}],"predecessor-version":[{"id":142,"href":"https:\/\/microct.com.tr\/index.php?rest_route=\/wp\/v2\/pages\/75\/revisions\/142"}],"wp:attachment":[{"href":"https:\/\/microct.com.tr\/index.php?rest_route=%2Fwp%2Fv2%2Fmedia&parent=75"}],"curies":[{"name":"wp","href":"https:\/\/api.w.org\/{rel}","templated":true}]}}