{"id":25,"date":"2022-12-16T19:43:17","date_gmt":"2022-12-16T19:43:17","guid":{"rendered":"https:\/\/microct.com.tr\/?page_id=25"},"modified":"2023-02-17T13:28:14","modified_gmt":"2023-02-17T13:28:14","slug":"teknoloji","status":"publish","type":"page","link":"https:\/\/microct.com.tr\/?page_id=25","title":{"rendered":"Uygulama Alanlar\u0131"},"content":{"rendered":"MicroCT\u2019ler \u00e7ok \u00e7e\u015fitli end\u00fcstriyel ve bilimsel uygulamalar\u0131n tahribats\u0131z 3D g\u00f6r\u00fcnt\u00fclemesi i\u00e7in \u00e7\u00f6z\u00fcmler sunar. Buna ya\u015fam bilimleri ara\u015ft\u0131rmalar\u0131, d\u00f6k\u00fcm i\u015fleme ve eklemeli imalatta kusur tespiti, karma\u015f\u0131k elektro-mekanik d\u00fczeneklerin denetimi, farmas\u00f6tik paketleme, geli\u015fmi\u015f t\u0131bbi aletler, jeolojik numunelerde g\u00f6zeneklilik ve tane boyutu analizi ve yerinde mikroskopi dahildir. MicroCT, tahribats\u0131z g\u00f6r\u00fcnt\u00fcleme tekni\u011fini aya\u011f\u0131n\u0131za getirir.\r\n\r\n&nbsp;\r\n\r\n&nbsp;\r\n\r\n<iframe loading=\"lazy\" title=\"Castlegate Sandstone\" width=\"500\" height=\"375\" src=\"https:\/\/www.youtube.com\/embed\/l3JRB2fYoNk?feature=oembed\" frameborder=\"0\" allow=\"accelerometer; autoplay; clipboard-write; encrypted-media; gyroscope; picture-in-picture; web-share\" referrerpolicy=\"strict-origin-when-cross-origin\" allowfullscreen><\/iframe>\r\n\r\n&nbsp;\r\n\r\n&nbsp;\r\n\r\n<iframe loading=\"lazy\" title=\"Apple IPhone4 - MicroCT (micro computed tomography) 3D X-Ray\" width=\"500\" height=\"375\" src=\"https:\/\/www.youtube.com\/embed\/ENxlMHtFXRE?feature=oembed\" frameborder=\"0\" allow=\"accelerometer; autoplay; clipboard-write; encrypted-media; gyroscope; picture-in-picture; web-share\" referrerpolicy=\"strict-origin-when-cross-origin\" allowfullscreen><\/iframe>","protected":false},"excerpt":{"rendered":"<div class=\"mh-excerpt\"><p>MicroCT\u2019ler \u00e7ok \u00e7e\u015fitli end\u00fcstriyel ve bilimsel uygulamalar\u0131n tahribats\u0131z 3D g\u00f6r\u00fcnt\u00fclemesi i\u00e7in \u00e7\u00f6z\u00fcmler sunar. Buna ya\u015fam bilimleri ara\u015ft\u0131rmalar\u0131, d\u00f6k\u00fcm i\u015fleme ve eklemeli imalatta kusur tespiti, karma\u015f\u0131k <a class=\"mh-excerpt-more\" href=\"https:\/\/microct.com.tr\/?page_id=25\" title=\"Uygulama Alanlar\u0131\">[&#8230;]<\/a><\/p>\n<\/div>","protected":false},"author":1,"featured_media":0,"parent":0,"menu_order":0,"comment_status":"closed","ping_status":"closed","template":"","meta":{"advgb_blocks_editor_width":"","advgb_blocks_columns_visual_guide":"","footnotes":""},"class_list":["post-25","page","type-page","status-publish","hentry"],"coauthors":[],"author_meta":{"author_link":"https:\/\/microct.com.tr\/?author=1","display_name":"teknohoras"},"relative_dates":{"created":"Posted 3 y\u0131l ago","modified":"Updated 3 y\u0131l ago"},"absolute_dates":{"created":"Posted on Aral\u0131k 16, 2022","modified":"Updated on \u015eubat 17, 2023"},"absolute_dates_time":{"created":"Posted on Aral\u0131k 16, 2022 7:43 pm","modified":"Updated on \u015eubat 17, 2023 1:28 pm"},"featured_img_caption":"","featured_img":false,"series_order":"","_links":{"self":[{"href":"https:\/\/microct.com.tr\/index.php?rest_route=\/wp\/v2\/pages\/25","targetHints":{"allow":["GET"]}}],"collection":[{"href":"https:\/\/microct.com.tr\/index.php?rest_route=\/wp\/v2\/pages"}],"about":[{"href":"https:\/\/microct.com.tr\/index.php?rest_route=\/wp\/v2\/types\/page"}],"author":[{"embeddable":true,"href":"https:\/\/microct.com.tr\/index.php?rest_route=\/wp\/v2\/users\/1"}],"replies":[{"embeddable":true,"href":"https:\/\/microct.com.tr\/index.php?rest_route=%2Fwp%2Fv2%2Fcomments&post=25"}],"version-history":[{"count":8,"href":"https:\/\/microct.com.tr\/index.php?rest_route=\/wp\/v2\/pages\/25\/revisions"}],"predecessor-version":[{"id":109,"href":"https:\/\/microct.com.tr\/index.php?rest_route=\/wp\/v2\/pages\/25\/revisions\/109"}],"wp:attachment":[{"href":"https:\/\/microct.com.tr\/index.php?rest_route=%2Fwp%2Fv2%2Fmedia&parent=25"}],"curies":[{"name":"wp","href":"https:\/\/api.w.org\/{rel}","templated":true}]}}